it of 371898?
7
What is the thousands digit of 641144?
1
What is the millions digit of 37128777?
7
What is the units digit of 52802?
2
What is the hundreds digit of 513060?
0
What is the hundred thousands digit of 1262892?
2
What is the tens digit of 179550?
5
What is the hundreds digit of 37001?
0
What is the hundred thousands digit of 358643?
3
What is the units digit of 206760?
0
What is the hundreds digit of 42738?
7
What is the tens digit of 5625837?
3
What is the tens digit of 122042?
4
What is the tens digit of 18494173?
7
What is the units digit of 215493?
3
What is the millions digit of 1000204?
1
What is the tens digit of 17095?
9
What is the tens digit of 1633999?
9
What is the ten thousands digit of 9106416?
0
What is the thousands digit of 16470287?
0
What is the tens digit of 119491?
9
What is the thousands digit of 265345?
5
What is the ten thousands digit of 24896682?
9
What is the hundred thousands digit of 266402?
2
What is the hundreds digit of 4718402?
4
What is the ten thousands digit of 3306734?
0
What is the tens digit of 59573?
7
What is the units digit of 4974650?
0
What is the thousands digit of 1441768?
1
What is the thousands digit of 14747473?
7
What is the thousands digit of 13121?
3
What is the hundred thousands digit of 152937?
1
What is the ten thousands digit of 2764608?
6
What is the hundreds digit of 3637255?
2
What is the hundreds digit of 1612208?
2
What is the hundred thousands digit of 707082?
7
What is the thousands digit of 77910?
7
What is the units digit of 130015?
5
What is the tens digit of 3129645?
4
What is the thousands digit of 6953187?
3
What is the tens digit of 9748225?
2
What is the hundred thousands digit of 1125614?
1
What is the ten thousands digit of 521439?
2
What is the ten thousands digit of 772264?
7
What is the ten millions digit of 16999463?
1
What is the units digit of 3338943?
3
What is the thousands digit of 3855543?
5
What is the ten thousands digit of 27230468?
3
What is the hundreds digit of 8443889?
8
What is the hundreds digit of 395204?
2
What is the hundred thousands digit of 5175571?
1
What is the millions digit of 6324810?
6
What is the millions digit of 3357608?
3
What is the thousands digit of 247489?
7
What is the ten thousands digit of 365719?
6
What is the units digit of 260?
0
What is the units digit of 1272846?
6
What is the tens digit of 233595?
9
What is the hundreds digit of 3160069?
0
What is the tens digit of 303844?
4
What is the ten thousands digit of 2800624?
0
What is the thousands digit of 602808?
2
What is the tens digit of 143644?
4
What is the ten thousands digit of 749175?
4
What is the tens digit of 4487581?
8
What is the tens digit of 34765218?
1
What is the hundreds digit of 492202?
2
What is the hundreds digit of 15871653?
6
What is the ten millions digit of 24212819?
2
What is the hundreds digit of 848507?
5
What is the hundreds digit of 57562?
5
What is the ten thousands digit of 1313179?
1
What is the units digit of 790421?
1
What is the hundred thousands digit of 3165569?
1
What is the ten thousands digit of 13061?
1
What is the hundreds digit of 23141273?
2
What is the hundreds digit of 165203?
2
What is the thousands digit of 11614532?
4
What is the ten thousands digit of 1940568?
4
What is the ten millions digit of 19389055?
1
What is the units digit of 9501564?
4
What is the tens digit of 313288?
8
What is the hundreds digit of 2379303?
3
What is the thousands digit of 352811?
2
What is the hundreds digit of 258623?
6
What is the hundred thousands digit of 3767704?
7
What is the hundreds digit of 113482?
4
What is the ten thousands digit of 9027379?
2
What is the hundred thousands digit of 661281?
6
What is the thousands digit of 579157?
9
What is the tens digit of 307455?
5
What is the ten thousands digit of 88661?
8
What is the millions digit of 3712792?
3
What is the thousands digit of 12417783?
7
What is the hundreds digit of 134016?
0
What is the tens digit of 7606709?
0
What is the hundred thousands digit of 868396?
8
What is the tens digit of 64561?
6
What is the ten thousands digit of 1121828?
2
What is the hundreds digit of 8380381?
3
What is the thousands digit of 280500?
0
What is the units digit of 2437057?
7
What is the hundred thousands digit of 471026?
4
What is the units digit of 4526977?
7
What is the tens digit of 197382?
8
What is the millions digit of 3161610?
3
What is the hundreds digit of 2806254?
2
What is the millions digit of 18330362?
8
What is the units digit of 86991?
1
What is the hundreds digit of 1389184?
1
What is the hundred thousands digit of 17224653?
2
What is the units digit of 1280713?
3
What is the tens digit of 14400375?
7
What is the ten thousands digit of 3514078?
1
What is the tens digit of 3652965?
6
What is the tens digit of 773718?
1
What is the hundred thousands digit of 171803?
1
What is the thousands digit of 10081544?
1
What is the hundreds digit of 339015?
0
What is the millions digit of 2434123?
2
What is the thousands digit of 358882?
8
What is the ten thousands digit of 550018?
5
What is the hundreds digit of 5183748?
7
What is the units digit of 303793?
3
What is the hundred thousands digit of 9340350?
3
What is the hundred thousands digit of 761129?
7
What is the ten thousands digit of 452793?
5
What is the tens digit of 1528397?
9
What is the hundreds digit of 297552?
5
What is the tens digit of 13065?
6
What is the units digit of 6681471?
1
What is the tens digit of 238444?
4
What is the hundreds digit of 129664?
6
What is the ten thousands digit of 15554938?
5
What is the hundred thousands digit of 728775?
7
What is the ten thousands digit of 1113344?
1
What is the tens digit of 532340?
4
What is the millions digit of 18155732?
8
What is the tens digit of 7402564?
6
What is the tens digit of 967803?
0
What is the hundred thousands digit of 103522?
1
What is the ten thousands digit of 3234980?
3
What is the units digit of 714433?
3
What is the hundreds digit of 2033752?
7
What is the thousands digit of 3139687?
9
What is the millions digit of 1090561?
1
What is the hundred thousands digit of 2852196?
8
What is the tens digit of 10937?
3
What is the ten thousands digit of 427166?
2
What is the millions digit of 2154349?
2
What is the hundreds digit of 3613059?
0
What is the thousands digit of 3017746?
7
What is the hundreds digit of 192967?
9
What is the hundreds digit of 5378666?
6
What is the ten thousands digit of 154188?
5
What is the ten thousands digit of 6587738?
8
What is the thousands digit of 179590?
9
What is the hundred thousands digit of 551322?
5
What is the tens digit of 839910?
1
What is the hundreds digit of 436312?
3
What is the hundred thousands digit of 393416?
3
What is the thousands digit of 334203?
4
What is the hundreds digit of 41209721?
7
What is the thousands digit of 7686?
7
What is the units digit of 11940806?
6
What is the thousands digit of 24608818?
8
What is the millions digit of 9050245?
9
What is the units digit of 174116?
6
What is the tens digit of 66477?
7
What is the thousands digit of 284692?
4
What is the ten thousands digit of 3207369?
0
What is the units digit of 261883?
3
What is the units digit of 3069225?
5
What is the thousands digit of 520721?
0
What is the units digit of 114916?
6
What is the tens digit of 2678338?
3
What is the hundred thousands digit of 1836045?
8
What is the hundreds digit of 4716696?
6
What is the ten thousands digit of 310376?
1
What is the tens digit of 308550?
5
What is the thousands digit of 11513558?
3
What is the hundred thousands digit of 1347242?
3
What is the hundreds digit of 189609?
6
What is the tens digit of 220763?
6
What is the thousands digit of 214018?
4
What is the units digit of 546779?
9
What is the units digit of 574921?
1
What is the tens digit of 331974?
7
What is the ten thousands digit of 2378736?
7
What is the ten thousands digit of 14823620?
2
What is the tens digit of 4526033?
3
What is the tens digit of 115054?
5
What is the thousands digit of 4115572?
5
What is the tens digit of 682458?
5
What is the hundred thousands digit of 2596024?
5
What is the ten millions digit of 15759271?
1
What is the units digit of 2629795?
5
What is the units digit of 1181823?
3
What is the million